, 61
Let k(t) = -339*t**3 - t. Let q be k(-1). Let h be ((-850)/255)/(4/270). Let f = h + q. What are the prime factors of f?
5, 23
Suppose o - 59 = 505. Suppose o + 26 = 10*d. Suppose -g + d + 76 = 0. List the prime factors of g.
3, 5
What are the prime factors of (-44)/(-2)*(-1122285)/(-690)?
11, 3253
Suppose 0 = -5*o - s + 45, -2*s - 1 = 2*o - 27. Suppose 2*w = -o*w + 520. Suppose 41*b - 42*b = -w. What are the prime factors of b?
2, 13
Let y(g) = 3*g**2 + 14*g - 17. Let s be -3 + 4 - -2 - -18 - -1. Suppose 0 = -2*x - s. List the prime factors of y(x).
2, 3
Let i = -12707 + 41939. What are the prime factors of i?
2, 3, 7, 29
Suppose 0*o + 5*y = 4*o + 193, 0 = 5*y - 5. Let c be -5 - (-2 + 1 + 13). Let r = c - o. What are the prime factors of r?
2, 3, 5
Let x be 1*-10*174/15. Let b(s) = s**3 + 26*s**2 + 154*s - 43. Let w be b(-17). What are the prime factors of (15/25 - x/w)*-12?
2
Suppose -5*y = -4*g + 245814, -2*g - 3*y + 93906 = -28990. List the prime factors of g.
13, 29, 163
Let q(k) = 3*k**2 - 6*k + 1149. What are the prime factors of q(-47)?
2, 3, 17, 79
Suppose 1404 = 5*q - 0*s + 4*s, -2*q = -4*s - 556. Let w = -96 + q. List the prime factors of w.
2, 23
Suppose 9*r + 70*r - 1273776 = -5*r. List the prime factors of r.
2, 17, 223
Let n be ((-3)/((-18)/(-338)))/(3/(-9)). Let w = 138 + n. List the prime factors of w.
307
Let f = -13 + -7. Let j be 2/(-2*5/f). Suppose -n + 30 = 2*b - 34, -j*n + 86 = 3*b. List the prime factors of b.
2, 17
Let g(p) = 13*p + 52. Let h be 1 + (-204)/(-9) - 6/9. List the prime factors of g(h).
3, 13
Suppose 4*b = 8*b - 24. Suppose 308 = 17*h - b*h. What are the prime factors of h?
2, 7
Let h = -20 + 109. Suppose 4*z + 727 + h = 0. Let v = 402 + z. What are the prime factors of v?
2, 3, 11
Let d(p) = 222*p**2 + 4*p - 74. What are the prime factors of d(10)?
2, 11083
Let z(f) = 16 - 7*f + f**2 - 2*f**2 - 54*f**3 + 165*f**3. List the prime factors of z(2).
2, 443
Suppose -f + 4 = -154. Let w = f - 8. Let j = w + -90. What are the prime factors of j?
2, 3, 5
Let y(m) = -m**3 - m**2 + 5*m + 6. Let x be y(-2). Suppose 4*r - 56 + 36 = x. Suppose 453 = 4*h - 13*z + 8*z, 3*h - 341 = r*z. List the prime factors of h.
2, 7
Suppose 0 = -53*j + 68*j - 13095. Let n = -570 + j. What are the prime factors of n?
3, 101
Let i(j) = 353*j**3 - 3*j**2 + j + 6. What are the prime factors of i(2)?
2, 3, 5, 47
Let u(g) = 19*g**2 + 5*g + 16316. What are the prime factors of u(0)?
2, 4079
Let s = -369 + 614. Let x = s - -402. What are the prime factors of x?
647
Suppose 0 = -2*r - 0*r + 48. What are the prime factors of 117 - (r/1)/4?
3, 37
Let c be 2/10 - (-41591)/95. Let i = 890 - c. List the prime factors of i.
2, 113
Let u be (-48)/36*(-450)/4. Suppose 2*l + 2*d = u, -d + 359 = l + 4*l. What are the prime factors of l?
71
Let v be ((-5)/(-10) - 0)*2. Let o(m) = 116*m**3 + m**2 - 2*m. Let z be o(v). Let u = 201 - z. What are the prime factors of u?
2, 43
Let u(t) = t**2 - 4*t + 15. Let l be u(15). Suppose -177*b = -l*b + 654. What are the prime factors of b?
2, 109
Let b(g) = -14*g - 1. Suppose 3*a + 0*a = 4*f + 36, 48 = -5*f + 3*a. Let c(d) = d + 7. Let s be c(f). List the prime factors of b(s).
3, 23
Suppose 0*r + 81 = 9*r. Suppose -4*h - 2795 = r*h. Let m = 353 + h. List the prime factors of m.
2, 3, 23
Suppose -7*m = -9*m - 20. Let s(i) = i**3 - 11*i**2 + 9*i - 12. Let j(b) = -b**3 + b**2 + b. Let o(c) = -2*j(c) - s(c). What are the prime factors of o(m)?
2, 11
Let h be 1*(5 - 1 - -1). Suppose o = h*w - 0*w + 215, 677 = 3*o + w. What are the prime factors of o?
3, 5
Let v(s) = 4*s**2 + 5*s + 121. Let z be v(9). Suppose -1738 + z = -8*j. What are the prime factors of j?
2, 3, 13
Let u(f) = -10*f**3 + 9*f**2 - 12*f - 19. List the prime factors of u(-7).
2, 3, 41
Suppose 3*m - 53505 = -3*o, -4*m = 5*o - 35646 - 53535. List the prime factors of o.
3, 19, 313
Let y be (2 - (2 - -1))*(-12 + 12). Suppose 3*v = 5*u - y*v - 30, 2*u = 5*v + 12. List the prime factors of -3*(62/u)/(-3 - -2).
31
Let k = 13752 - 7342. What are the prime factors of k?
2, 5, 641
Let c = -20897 - -42778. What are the prime factors of c?
21881
Let o be 18/117 + (-35122)/(-26). Suppose -4*a + 2677 = 5*c, 2*a + 3*c = -2*c + o. List the prime factors of a.
3, 13, 17
Let m be 5126/22*(-1 - (1 - -2)). Let i = -396 - m. What are the prime factors of i?
2, 67
List the prime factors of 7514 - 4 - (2 - (11 + -1)).
2, 3, 7, 179
Let o = -32 + 34. Suppose x - 30 = -o*x. Let u(j) = 4*j + 4. What are the prime factors of u(x)?
2, 11
Let a be 87/27 + ((-24)/(-27))/(-4). List the prime factors of (188/a)/(65/195).
2, 47
Let a(r) be the third derivative of r**6/60 - 9*r**5/20 + 17*r**4/24 + 85*r**2. What are the prime factors of a(13)?
2, 13
Let i be (34 + -1)*(-228)/(-36). Suppose -2*f = -877 - i. List the prime factors of f.
3, 181
Let i be (-6)/5*(-7950)/20. Suppose 8*g + i = -g. Let k = 13 - g. What are the prime factors of k?
2, 3, 11
Suppose -248*h + 258*h + 10740 = 0. What are the prime factors of h/(-4)*(47 - 43)?
2, 3, 179
Let u be -5 + 9 + (-5)/5. Suppose 0 = -3*z - c + 1840, -17*c + 14*c + 1848 = u*z. What are the prime factors of z?
2, 3, 17
Let x = 107 - 104. List the prime factors of ((-535)/(-4) - -5)/(x/8).
2, 5, 37
Let d be 1*(-5)/15*12/(-2). Suppose -4*n + 2678 = -d*u, 2*u = -3*n + 6*n - 2010. List the prime factors of n.
2, 167
What are the prime factors of -6 - (0 + (-181142)/7 + (-357)/(-833))?
41, 631
Suppose -4*k - 24 = 4*k. Let h be k*2/3 - -257. Let u = h - 125. What are the prime factors of u?
2, 5, 13
Let b(l) = l - 7. Let n be b(9). Let q(x) = -10 + 8 + 8 + 37*x + n. List the prime factors of q(3).
7, 17
Let l = 62810 + -34551. What are the prime factors of l?
7, 11, 367
Let k = -100 + 336. Suppose t + k = -5*p + 2839, -2*p + 5*t + 1025 = 0. Let i = p - 359. List the prime factors of i.
7, 23
Let k(p) = p**2 - 15*p + 31. Let m(t) = -t**2 - t. Suppose -95*h - 10 = -100*h. Let u(x) = h*m(x) + k(x). List the prime factors of u(-15).
61
Suppose -v + 0*v = -5*i + 1359, -5*v = -3*i + 833. Let h = 414 - i. List the prime factors of h.
11, 13
Suppose 54 = 7*o + 19. Suppose s - 96 = -5*m + 3*s, -o*s + 57 = 4*m. What are the prime factors of m?
2, 3
Suppose -4*x - 14396 = 10*y - 14*y, -y + 4*x = -3614. List the prime factors of y.
2, 3, 599
Let k(d) = -189*d - 188. Suppose -4*h - 2*w = 20 - 4, -3*h = 2*w + 11. What are the prime factors of k(h)?
757
Suppose 5*i - 42416 = -2*c + 52197, -94621 = -5*i - 4*c. What are the prime factors of i?
3, 7, 17, 53
Suppose 2*d = 9 + 1. Suppose -2*o - d*y = -1485, -o - 3*y + y = -742. List the prime factors of o/30*(-6)/(-4).
37
Let i(f) = 21*f**3 - 3*f**2 - 26*f + 147. What are the prime factors of i(6)?
3, 491
Suppose -3*o + 588 = 3*y, 5*o + 4*y = 4*o + 208. Suppose 3*w - o - 201 = 0. Suppose 317 = 7*f - w. What are the prime factors of f?
2
Let f = 202 + -101. Let y = f - 96. Let w = 175 - y. What are the prime factors of w?
2, 5, 17
Suppose -21873 + 1252 = -3*t - 5*j, t = -4*j + 6862. What are the prime factors of t?
2, 3, 31, 37
Suppose -2*l - 3*n = 14, -2*l - 5 = -4*n - 19. What are the prime factors of (l - 1)*8229/(-78)?
211
Let u(j) = -20*j**3 - 5*j**2 - j - 3. Let x be u(-2). Let z = -52 + x. What are the prime factors of z?
3, 29
Let p(l) = l**3 + 6*l**2 - 13*l - 8. Let m be p(-8). Let j(g) = -49*g - 155. List the prime factors of j(m).
3, 157
Let o = 254859 + -176738. What are the prime factors of o?
78121
Suppose l + 3*y = 69297, l - y - 28023 = 41286. What are the prime factors of l?
2, 3, 11551
Suppose -20*d = 24*d + 264. List the prime factors of (45/d)/(42/(-1456)).
2, 5, 13
Suppose -2*z - 2*c = -0*z, -5*c = -4*z + 18. Let q be (z/(-5)*-5)/((-3)/(-12)). Suppose -326 = -q*i + 330. What are the prime factors of i?
2, 41
Suppose 61*i = 39*i - 11000. Let k = i - -597. List the prime factors of k.
97
Suppose 4*d = -3 - 5. Let s(m) = 3*m - 8*m - 3*m**3 - m**2 - 4*m**2 - 13*m**3. What are the prime factors of s(d)?
2, 59
What are the prime factors of (-81)/(-27)*233440/60?
2, 1459
Let b(w) = -2*w**2 + 818*w + 22887. List the prime factors of b(0).
3, 2543
Let l be 2*-359*(-1)/(-2). Let q = -53 + -83. Let s = q - l. What are the prime factors of s?
223
Let k(g) = -425*g - 958. What are the prime factors of k(-9